f 1366 and 1109875?
683
What is the highest common factor of 3556 and 301547022?
1778
Calculate the greatest common divisor of 8478459 and 11.
11
What is the greatest common factor of 6177840 and 1200?
240
Calculate the greatest common factor of 231591 and 9.
3
What is the greatest common divisor of 715 and 12822645?
55
Calculate the highest common factor of 1126675 and 279225.
425
Calculate the highest common factor of 313 and 439015678.
313
Calculate the highest common divisor of 2331720 and 1152.
72
Calculate the highest common factor of 8086 and 523091426.
8086
What is the greatest common factor of 68202710 and 3425?
685
Calculate the greatest common divisor of 123672874 and 52.
26
Calculate the highest common factor of 90198129 and 42.
21
Calculate the greatest common factor of 195381 and 45857070.
11493
What is the greatest common divisor of 2812029 and 561?
33
Calculate the greatest common divisor of 77074 and 3126.
2
Calculate the highest common factor of 32517 and 62091.
9
What is the greatest common divisor of 11011827 and 903?
129
Calculate the greatest common factor of 131450 and 38225.
275
Calculate the highest common factor of 10082 and 7576.
2
What is the highest common factor of 267669533 and 2155?
431
What is the highest common factor of 1824189 and 2451?
129
Calculate the greatest common divisor of 16523732 and 64.
4
Calculate the greatest common factor of 425 and 49655317.
17
Calculate the highest common divisor of 54155394 and 81.
9
What is the greatest common divisor of 278700132 and 12?
12
Calculate the greatest common divisor of 6057475 and 2525.
2525
What is the greatest common factor of 56202408 and 1443?
111
Calculate the greatest common factor of 10064133 and 63.
9
What is the highest common divisor of 47880 and 30527280?
2520
Calculate the greatest common divisor of 4521 and 2272922201.
1507
What is the greatest common factor of 123772 and 23086?
194
Calculate the highest common factor of 9225070 and 54625.
2185
Calculate the greatest common divisor of 504432152 and 14.
14
What is the highest common divisor of 669695796 and 99?
99
What is the greatest common factor of 4642 and 1269165?
211
What is the highest common factor of 484910 and 638?
2
What is the highest common factor of 175489 and 5198?
113
Calculate the greatest common divisor of 19 and 61416987.
19
What is the highest common divisor of 21411 and 45203379?
2379
What is the highest common divisor of 29743884 and 108?
36
What is the highest common divisor of 65742494 and 2826?
314
What is the highest common factor of 208 and 410384?
208
Calculate the greatest common factor of 3142176 and 8272.
16
Calculate the greatest common divisor of 10648 and 2049256.
968
Calculate the greatest common divisor of 51626 and 311914.
166
Calculate the greatest common factor of 1596460 and 540.
20
Calculate the highest common divisor of 9632514 and 114.
6
What is the highest common divisor of 117531 and 346789?
1451
Calculate the greatest common factor of 200416 and 1088.
32
What is the highest common divisor of 192712 and 119?
17
Calculate the greatest common divisor of 519 and 5459361.
519
What is the greatest common factor of 476141 and 111763?
1531
What is the greatest common factor of 12636 and 339924?
156
What is the greatest common divisor of 223 and 197038563?
223
What is the highest common divisor of 112060 and 3146?
26
What is the greatest common factor of 258711230 and 1640?
410
What is the greatest common divisor of 44 and 2207689?
11
Calculate the highest common divisor of 1000 and 20042875.
125
Calculate the highest common factor of 19426 and 46986196.
1766
Calculate the highest common divisor of 2184 and 66833.
13
Calculate the highest common divisor of 66 and 38208291.
33
What is the greatest common divisor of 119715 and 77280?
345
Calculate the highest common divisor of 129300 and 20985.
15
What is the greatest common divisor of 137037 and 2567?
17
Calculate the highest common factor of 65418308 and 1116.
124
What is the highest common factor of 75357 and 4500?
9
Calculate the highest common factor of 99395 and 582860.
965
What is the highest common factor of 23281 and 8177639?
751
Calculate the highest common factor of 55087 and 3554.
1777
Calculate the greatest common divisor of 356707 and 32591.
299
Calculate the greatest common factor of 95 and 97728305.
95
What is the greatest common factor of 510 and 99098760?
30
What is the greatest common divisor of 4059175 and 5525?
425
Calculate the greatest common factor of 8804562 and 39.
39
Calculate the highest common factor of 372074985 and 90.
45
What is the greatest common divisor of 11938 and 390450197?
5969
What is the highest common divisor of 380 and 41645872?
76
Calculate the greatest common factor of 27056799 and 1386.
693
Calculate the highest common divisor of 3357 and 877509.
9
Calculate the highest common factor of 402250 and 60.
10
What is the highest common factor of 6 and 488938?
2
What is the highest common factor of 188919527 and 3617?
3617
Calculate the greatest common factor of 6136 and 594425.
767
Calculate the highest common factor of 4290993 and 28.
7
What is the greatest common factor of 1936 and 8811704?
968
Calculate the highest common factor of 68 and 65094360.
68
What is the greatest common divisor of 17144 and 17424?
8
Calculate the highest common divisor of 431817 and 54162.
51
What is the greatest common divisor of 1949469 and 13973?
157
Calculate the greatest common divisor of 13850630 and 9700.
970
What is the greatest common factor of 1647 and 889868?
61
What is the greatest common divisor of 4352 and 14787008?
1088
What is the greatest common factor of 301 and 8541391?
43
Calculate the greatest common factor of 1360 and 5160656.
272
What is the highest common factor of 1965411954 and 3663?
3663
What is the highest common factor of 4282 and 96670432?
4282
What is the greatest common divisor of 96075455 and 8295?
2765
What is the greatest common factor of 381577196 and 1214?
1214
What is the greatest common divisor of 80203 and 784933?
139
What is the greatest common factor of 3760631 and 49?
7
What is the highest common factor of 208 and 1761632?
16
What is the greatest common factor of 5431 and 833?
1
What is the highest common divisor of 232992 and 8352?
288
What is the highest common divisor of 5251 and 2439668?
89
What is the greatest common divisor of 57189 and 32802?
33
What is the greatest common factor of 17745 and 14542840?
65
Calculate the highest common divisor of 4402593 and 5967.
351
Calculate the greatest common factor of 112 and 25858.
14
Calculate the highest common divisor of 558006 and 1134.
6
Calculate the greatest common divisor of 26752 and 458546.
418
What is the greatest common factor of 131285608 and 984?
328
Calculate the greatest common divisor of 1971528 and 209976.
312
What is the greatest common divisor of 662380 and 580?
20
Calculate the greatest common factor of 7199 and 168081.
313
Calculate the highest common factor of 70 and 3516926.
14
Calculate the highest common factor of 480999 and 20631.
69
Calculate the highest common factor of 1517454 and 36801.
783
What is the highest common divisor of 771132145 and 2345?
2345
Calculate the highest common divisor of 34462137 and 795.
159
Calculate the highest common divisor of 390728 and 64.
8
What is the greatest common factor of 72 and 32568012?
36
What is the highest common divisor of 67249260 and 91172?
3964
Calculate the highest common factor of 190 and 42917048.
38
What is the greatest common divisor of 36159968 and 52?
52
Calculate the highest common divisor of 5746 and 14471925.
13
Calculate the highest common divisor of 190 and 3051930.
10
Calculate the highest common divisor of 5619 and 313785563.
1873
Calculate the highest common factor of 22904113 and 4232.
529
Calculate the greatest common divisor of 39591 and 8957.
53
What is the greatest common factor of 13164200 and 14?
14
What is the highest common divisor of 89008902 and 4218?
222
What is the greatest common divisor of 840 and 3303510?
210
What is the highest common factor of 9516287 and 528?
11
What is the highest common divisor of 13374866 and 622?
622
What is the greatest common divisor of 24930 and 397442370?
8310
What is the 